. Give f(g).
7
Let v(n) = -n**3 - 6*n**2 - 6*n + 5. Let h(s) = 3*s - 2*s**2 + 3*s**2 + 0*s + 6*s**3 + 1 - 2*s. Let b be h(-1). Determine v(b).
10
Let o(h) = h. Suppose 0*y - 54 = -4*y + 3*p, 5*y = -2*p + 79. Let x(q) = -18*q. Let b(c) = y*o(c) + x(c). What is b(-2)?
6
Let v(r) = 3*r**3 - r**2 - r - 1. Let d be 2 + (2 - 5) - (-1 - -1). Calculate v(d).
-4
Let w(a) be the first derivative of a**3/3 - a**2/2 - 3. Let m(z) = 7*z**2 - 11*z + 7. Let l(k) = m(k) - 6*w(k). Determine l(5).
7
Let q = -15 + 9. Let v(n) = 4*n + 12. Let m(c) = -5*c - 13. Let b(t) = 3*m(t) + 4*v(t). What is b(q)?
3
Suppose -16 + 22 = 3*c. Let w(f) be the first derivative of 1/2*f**c + 1/3*f**3 - 3 + f. Give w(2).
7
Suppose -8*v = 6*v - 42. Let i(y) be the third derivative of y**2 + 0*y**4 + 0*y - 1/20*y**5 + 1/6*y**v - 1/60*y**6 + 0. Give i(-2).
5
Let i(h) = -1 - 5*h + 1 - 1. Let q(u) = -16*u + 46. Let f be q(3). What is i(f)?
9
Let s(r) = -r**3 + 8*r**2 + 4*r + 5. Let q(z) = 2*z**3 - 17*z**2 - 9*z - 10. Let v(m) = -2*q(m) - 5*s(m). What is v(6)?
-17
Let b(s) be the first derivative of -5*s**3/3 - s**2/2 + s + 2. Let d be 3/(-2)*8/12. Let y be 1/d + (0 - -2). Calculate b(y).
-5
Let x(g) = -3*g**2 + g - 2. Let h(u) = u**2 - u + 1. Let m(r) = -2*h(r) - x(r). Let v(p) = -p**3 + 7*p**2 - 1. Let b(l) = -3*m(l) + v(l). Give b(3).
-1
Let w = 27 - 27. Let b(o) be the third derivative of 1/60*o**5 + 3/2*o**3 - 2*o**2 + 0 + w*o + 0*o**4. Calculate b(0).
9
Let p be 0 - (3 - 1)*-1. Let b(u) = p + 0*u + 2*u - 2 - u**3 + 3*u**2. What is b(3)?
6
Let g = -11 - -13. Let w(r) = -3*r**g + 5*r**2 + r**2 - 4 - r - 4*r**2. Calculate w(-3).
-10
Let b(r) = r**2 + 6*r. Let a be (-5)/(-2)*(-2)/(-1). Suppose a*v + 55 = 5*f, 3*v = 5*f - 30 - 13. Give b(v).
0
Let p(h) = -4*h + 1 - 3 + 5. Determine p(2).
-5
Let m(z) = -2*z - 3 + z - 4 - 1. What is m(-7)?
-1
Let a(q) = 0*q - 2*q**2 - 2*q**3 + 8 - q + q**2 + q**3. What is a(0)?
8
Let i = 2 + 3. Let z(d) = 13 - 2*d**3 - 8 - 4*d**3 + d + i*d**3. What is z(0)?
5
Let j be (-1)/(-1) - (0 - -6). Let x(l) = -4*l - 26. Let w be x(-4). Let i = j - w. Let g(m) = -m**3 + 5*m**2 + 2*m - 7. Determine g(i).
3
Let p be ((-2)/(-1))/(4 - 3 - 0). Let b(q) = -1 + 2*q + 2*q + 2. Calculate b(p).
9
Let h = 1 - -2. Let f(y) = -y + h*y + 2*y**2 + y. Calculate f(-2).
2
Suppose -4*w - 2 = 18. Let q(x) be the second derivative of -x**5/60 - x**4/6 + x**3/6 - x. Let a(t) be the second derivative of q(t). What is a(w)?
6
Let g be (-4)/(-14) + (-90)/70. Let v(r) = 5*r**3 - r**2 + r + 1. Let m be v(g). Let p(c) = c**2 + 8*c + 7. Calculate p(m).
-5
Let w(p) = 3*p**2 - 29*p + 18. Let o(v) be the second derivative of v**4/6 - 19*v**3/6 + 6*v**2 + 5*v. Let x(t) = 8*o(t) - 5*w(t). What is x(5)?
-4
Let m(d) = d**3 - 3*d**2 - 4*d - 4. Suppose -a + 0*a = -1. Suppose 0 = -2*s + 15 + 1. Let k be s + -3 + a + -2. What is m(k)?
-4
Let m(y) be the third derivative of -y**5/60 + 3*y**4/8 - 7*y**3/6 - 4*y**2. Suppose 17 = 3*i - 4. What is m(i)?
7
Let v = 37/2 + -16. Let q(t) be the first derivative of -v*t**2 - 1 + 1/3*t**3 + 7*t. What is q(5)?
7
Let b(m) = -m**2 + 4*m + 8. Let n(g) = 2*g**2 - 9*g - 17. Let q(s) = 9*b(s) + 4*n(s). Determine q(0).
4
Let t(p) = -3*p**3 + p**2 + p. Let g = -8 - 0. Suppose 0*n - 19 = -f - 3*n, -3*n - 23 = -5*f. Let y = g + f. Calculate t(y).
3
Let i be (-1 - 1)/(6/(-9)). Let v(p) be the third derivative of 0 + 0*p + 1/24*p**4 + 1/2*p**i + p**2. Determine v(-3).
0
Let a(c) = c**2 + 3*c - 2. Suppose 0 = -6*p - p + 21. Determine a(p).
16
Let t be 2 - (-3 + 3 - 2). Let o(d) = -3*d - 5 + d**2 - 2*d + t - 4. Give o(5).
-5
Let q(f) = -27*f + 6 + 47*f - 21*f. Let n = 2 + 0. Suppose o - 5 + n = 0. Determine q(o).
3
Let t(y) = y**3 + 4*y**2 - 5*y - 6. Let u be 5*1*(-3)/3. Calculate t(u).
-6
Let a = -1 - -6. Let m(z) = z**2 - 6*z + 2. Give m(a).
-3
Let b(g) = 3*g + 3. Let t(z) = -6*z - 5. Let w(v) = -7*b(v) - 4*t(v). What is w(-4)?
-13
Let a(p) = -3*p**2 + 13*p + 13. Let o(h) = h**2 - 4*h - 4. Suppose -10 = -4*m - 2. Let y(s) = m*a(s) + 7*o(s). Give y(-2).
6
Let u(a) be the first derivative of -2 + 0*a**2 - 7/3*a**3 - 6*a. Let i(v) = -8*v**2 - 7. Let m(c) = -6*i(c) + 7*u(c). Calculate m(-2).
-4
Let p = 101 - 97. Let n(v) = v - 2. Give n(p).
2
Let q(n) = n**3 + n**2 + 3*n + 3. Let u(w) = -w**3 - 4*w - 4. Let z(j) = 4*q(j) + 3*u(j). Let f = -3 - 0. What is z(f)?
9
Let a(t) = -t**3 + t**2 + t + 1. Let p(u) = -4*u**3 - 3*u**2 - 2*u - 3. Let x(o) = -3*a(o) - p(o). Calculate x(1).
6
Let w(z) = -5*z**2 + 257*z - 257*z. What is w(-1)?
-5
Let k(c) be the third derivative of -c**4/24 - 3*c**2. Give k(-5).
5
Let i be (-19)/(-1)*(-1 - -2). Let s = i + -13. Let a be ((-20)/s)/((-2)/(-3)). Let b(t) = -t**3 - 6*t**2 - 3*t + 2. Give b(a).
-8
Let i(x) = -x + 7. Let w(s) = -7 - s + 1 + 0*s. Let u(o) = 5*o - 1. Let b be u(-1). Let p be w(b). Determine i(p).
7
Let l(f) be the third derivative of f**4/24 - 3*f**3/2 + 10*f**2. What is l(7)?
-2
Let h(s) = s**3 - 1. Let z(n) = 3*n**3 - 3*n**2 - 7. Let x(u) = -4*h(u) + z(u). Calculate x(-3).
-3
Let k(i) be the third derivative of -i**6/120 - i**5/20 + i**4/6 - 2*i**3/3 - i**2. Let d be k(-4). Let v(s) = 2*s**2 + 5*s - 1. Give v(d).
11
Let x(i) be the second derivative of -2*i + i**2 + 1/2*i**3 + 0 - 1/12*i**4. Give x(3).
2
Suppose -17 = -4*d + 3. Let c(q) = -3*q - 3*q**3 + 4*q**3 - 6 - q - 4*q**2 + 0*q**2. Determine c(d).
-1
Let c(a) = a**3 - 8*a**2 + 8*a + 5. Let p be c(7). Suppose 0 = -d - 3*d - p. Let t(s) = s + 1. Give t(d).
-2
Let w(f) be the second derivative of f**6/120 + f**5/60 - f**4/12 + f**3/3 - f. Let p(m) be the second derivative of w(m). Suppose 0 = 3*r - 2*r + 2. Give p(r).
6
Let a(c) be the first derivative of 2*c**3/3 - 30. Determine a(2).
8
Let a(v) = v**2 - 3*v + 4. Let d = -15 + 24. Suppose n - 4*n = -d. Give a(n).
4
Let w(j) = 4*j - 1. Let o(r) = r. Let n(p) = -18*o(p) + 4*w(p). Suppose 0 = 2*l + 10, -3*i = i + 3*l - 425. Let u be (i/(-33))/(2/3). Give n(u).
6
Let j(y) = -y - 15. Let b be j(-20). Let t(f) = f**2 - 6*f + 3. What is t(b)?
-2
Let h = -184 + 180. Let g(z) = -z**2 - 7*z - 5. Calculate g(h).
7
Let j(i) = -i. Let x be 76/13 + (-12)/(-78). What is j(x)?
-6
Let j(i) = -i + 4. Suppose 3 = -2*c + 1. Let z be c/(-3)*(14 + -2). Give j(z).
0
Let l(q) = q**2 - 3*q + 1. Suppose 5*d - 4*k + 2 = 1, -d - 4*k = -19. Let h be l(d). Let t(v) = 2*v - v - 4*v**3 - v**2 + 5*v**3. Give t(h).
1
Let l(n) = -2*n. Suppose 2*s - 3*s + 3*m + 17 = 0, -4*s + 24 = -m. What is l(s)?
-10
Let x(d) = d + 2. Suppose f + 24 = 5*s, -s + 24 = 3*s + 4*f. Determine x(s).
7
Let d(k) = 2*k - 3. Suppose -3*x - 15 = -3*b, 5*x = -b + 7*x + 7. Suppose 6*t + 9 = b*t. Determine d(t).
-9
Let o = 46 - 43. Let u(y) = -2*y**2 + 5*y - 4. Give u(o).
-7
Let l be (6/8)/((-1)/(-4)). Suppose -l*g + 12 = -0*g. Let j(k) = 2*k**2 - 5*k - 3*k**2 + 2 + 10*k. Calculate j(g).
6
Let f = -4 - -10. Let b(x) = x - x - f - x. What is b(0)?
-6
Let o(v) = -3 + v**2 + 4*v - 2*v**2 + 2*v. Calculate o(2).
5
Let f(p) = -3*p**2 + 1. Let m(s) = -s**2 + 1. Suppose 5*x - 10 = 10. Let g(u) = x*m(u) - f(u). What is g(-3)?
-6
Let j(w) = 3*w + 8. Let n(y) = -1. Suppose 2*p + 12 = 2. Let h(u) = p*n(u) - j(u). Let f(x) = -x**3 - 7*x**2 + 2*x + 10. Let m be f(-7). Give h(m).
9
Suppose 2*c + 27 - 64 = 5*o, -3*c + o = -23. Let k(f) = -f**3 + 5*f**2 + 4*f + 7. Determine k(c).
-5
Let b(d) = -d**3 + 7*d**2 + 8*d. Let l be b(8). Suppose -3*a - y = -7*a + 32, 4*a - 3*y = 40. Let t(o) = -a*o + l - 1 + 2*o. Give t(1).
-6
Let z = -93 - -97. Let d(y) = -y + 9. What is d(z)?
5
Let a(f) = f**3 + 3*f**2 - 3*f - 3. Let z = 13 + -45. Let j be z/24*3*1. What is a(j)?
-7
Let p be (-4)/6*6/4. Let u(v) be the first derivative of v**3/3 + v**2/2 + 3. Give u(p).
0
Let a = -54 - -52. Let p(q) = 5*q - 1. Give p(a).
-11
Let f = 5 - 9. Let a be 3/2*f/6. Let k be a/(-4) - (-23)/4. Let x(d) = -d + 4. Calculate x(k).
-2
Let q(a) = 20 + 5*a - 6*a - 17. Give q(10).
-7
Let r(o) = -o + 3. Let v = -33 + 49. Let m be v*(-1 + (-14)/(-8)). Let p be (-11)/(-3) + (-8)/m. Calculate r(p).
0
Let t(j) = 4 + 8*j - 7*j - 4 - 2 + 3*j**2. What is t(-2)?
8
Let x(f) = -f**2 + 14*f - 13. Let g(l) = l**2 - 15*l + 14. Let s(r) = -4*g(r) - 5*x(r). What is s(6)?
-15
Let g(z) = -26*z + 81*z - 25*z - 29*z + 2 - 7*z**2. Calculate g(2).
-24
Let j(f) be the seco